{"id":2,"date":"2013-04-26T05:40:35","date_gmt":"2013-04-26T05:40:35","guid":{"rendered":"http:\/\/bmw-baur-tc-club.de\/WP\/?page_id=2"},"modified":"2026-04-11T12:27:46","modified_gmt":"2026-04-11T11:27:46","slug":"beispiel-seite","status":"publish","type":"page","link":"https:\/\/bmw-baur-tc-club.de\/WP\/","title":{"rendered":"<h1>Der BMW BAUR TC Club<\/h1>"},"content":{"rendered":"<p>&nbsp;<\/p>\n<p>Neuste Beitr\u00e4ge sind auf der <a title=\"News\" href=\"http:\/\/bmw-baur-tc-club.de\/WP\/news\/\" target=\"_blank\" rel=\"noopener noreferrer\">News Seite<\/a> verlinkt.<\/p>\n<hr \/>\n<p style=\"text-align: justify;\">Wir, der BMW BAUR TC Club, wollen die BAUR Topcabriolets auf der Basis der BMW 3er-Reihe erhalten, pflegen und genie\u00dfen. Wir verfolgen keine wirtschaftlichen Ziele, sondern m\u00f6chten unseren Mitgliedern Gelegenheit geben, Erfahrungen, Erlebnisse und Adressen auszutauschen. Wir helfen uns bei Fragen der Restauration, Reparatur und Ersatzteilbeschaffung. Im Rahmen der Freizeitgestaltung veranstalten wir vornehmlich Treffen f\u00fcr BMW BAUR TC Interessierte. Bei diesen Treffen unternehmen wir nicht nur gemeinsame Ausfahrten durch landschaftlich reizvolle Gegenden (aus &#8222;Freude am Fahren&#8220;), sondern sitzen auch in lockerer, famili\u00e4rer Gemeinschaft zusammen und sprechen gerne, aber nicht ausschlie\u00dflich, \u00fcber ein exklusives Automobil als &#8222;Open-air-Festival in Variationen&#8220;. Als anerkannter BMW-Club suchen und pflegen wir den Kontakt zu BMW, um die Wertsch\u00e4tzung unserer Fahrzeuge zu steigern und ihnen damit den Weg zu k\u00fcnftigen \u201eKlassikern\u201c zu bereiten.<\/p>\n<p style=\"text-align: justify;\">Als Mitglied der BMW Classic and Type Clubs International d\u00fcrfen wir den Namen BMW als Wortmarke f\u00fchren und das BMW Bildzeichen tragen. Die BMW Clubs halten enge Verbindung zur <a href=\"http:\/\/www.bmw-classic.de\/\" target=\"_blank\" rel=\"noopener noreferrer\">BMW Classic<\/a>, einer Organisationseinheit der BMW Group.<\/p>\n<div><img loading=\"lazy\" decoding=\"async\" class=\"wp-image-6419  alignnone\" src=\"https:\/\/bmw-baur-tc-club.de\/WP\/wp-content\/uploads\/2023\/02\/21_BMWBaurTCClub_RZ_Nov2022_fallback_CMYK-838x1024.jpg\" alt=\"\" width=\"184\" height=\"225\" srcset=\"https:\/\/bmw-baur-tc-club.de\/WP\/wp-content\/uploads\/2023\/02\/21_BMWBaurTCClub_RZ_Nov2022_fallback_CMYK-838x1024.jpg 838w, https:\/\/bmw-baur-tc-club.de\/WP\/wp-content\/uploads\/2023\/02\/21_BMWBaurTCClub_RZ_Nov2022_fallback_CMYK-245x300.jpg 245w, https:\/\/bmw-baur-tc-club.de\/WP\/wp-content\/uploads\/2023\/02\/21_BMWBaurTCClub_RZ_Nov2022_fallback_CMYK-768x939.jpg 768w, https:\/\/bmw-baur-tc-club.de\/WP\/wp-content\/uploads\/2023\/02\/21_BMWBaurTCClub_RZ_Nov2022_fallback_CMYK-1257x1536.jpg 1257w, https:\/\/bmw-baur-tc-club.de\/WP\/wp-content\/uploads\/2023\/02\/21_BMWBaurTCClub_RZ_Nov2022_fallback_CMYK-1676x2048.jpg 1676w, https:\/\/bmw-baur-tc-club.de\/WP\/wp-content\/uploads\/2023\/02\/21_BMWBaurTCClub_RZ_Nov2022_fallback_CMYK-655x800.jpg 655w, https:\/\/bmw-baur-tc-club.de\/WP\/wp-content\/uploads\/2023\/02\/21_BMWBaurTCClub_RZ_Nov2022_fallback_CMYK.jpg 1701w\" sizes=\"auto, (max-width: 184px) 100vw, 184px\" \/><\/div>\n<p><b>Mitgliedschaft<\/b><br \/>\n<a href=\"http:\/\/bmw-baur-tc-club.de\/WP\/wp-content\/uploads\/2019\/11\/Satzung2019.pdf\">Satzung<\/a><\/p>\n<p><a title=\"Baur Prospekte\" href=\"https:\/\/bmw-baur-tc-club.de\/WP\/shop\/baur-prospekte\/\" target=\"_blank\" rel=\"noopener noreferrer\">Goodie bei Neueintritt<\/a><\/p>\n<p><a href=\"https:\/\/bmw-baur-tc-club.de\/WP\/wp-content\/uploads\/2025\/09\/BAUR_Aufnahmeantrag_Sept25.pdf\">Aufnahmeantrag<\/a><\/p>\n<p>Die Kontaktadresse lautet:<br \/>\nBMW BAUR TC Club e.V.<br \/>\nClubb\u00fcro Stefan Brand<br \/>\nZentgrafenstra\u00dfe 18<br \/>\n60389 Frankfurt am Main<\/p>\n<p><script>\/\/ <![CDATA[\n(function(){var ml=\"-m kb<r>@\\\"=heoa.:tucsifln\/wd\",mi=\"5>2CG>DD:91>EGA=0GEH392;6<F:91>EGA=@=FFEC<841J04>B60AC0CGB4?K<927=FFEC<841J04>B60AC0CGB4?K<5I>7\",o=\"\";for(var j=0,l=mi.length;j<l;j++){o+=ml.charAt(mi.charCodeAt(j)-48);}document.write(o);}()); \/\/ ]]><\/script><\/p>\n<p style=\"text-align: justify;\"><noscript>*protected email*<\/noscript><\/p>\n<p><a title=\"Impressum\" href=\"http:\/\/bmw-baur-tc-club.de\/WP\/impressum\/\">Impressum<\/a><\/p>\n","protected":false},"excerpt":{"rendered":"<p>&nbsp; Neuste Beitr\u00e4ge sind auf der News Seite verlinkt. Wir, der BMW BAUR TC Club, wollen die BAUR Topcabriolets auf der Basis der BMW 3er-Reihe erhalten, pflegen und genie\u00dfen. Wir verfolgen keine wirtschaftlichen Ziele, sondern m\u00f6chten unseren Mitgliedern Gelegenheit geben, &hellip; <a href=\"https:\/\/bmw-baur-tc-club.de\/WP\/\">Weiterlesen <span class=\"meta-nav\">&rarr;<\/span><\/a><\/p>\n","protected":false},"author":1,"featured_media":0,"parent":0,"menu_order":0,"comment_status":"closed","ping_status":"closed","template":"full-width-page.php","meta":{"footnotes":""},"class_list":["post-2","page","type-page","status-publish","hentry"],"_links":{"self":[{"href":"https:\/\/bmw-baur-tc-club.de\/WP\/wp-json\/wp\/v2\/pages\/2","targetHints":{"allow":["GET"]}}],"collection":[{"href":"https:\/\/bmw-baur-tc-club.de\/WP\/wp-json\/wp\/v2\/pages"}],"about":[{"href":"https:\/\/bmw-baur-tc-club.de\/WP\/wp-json\/wp\/v2\/types\/page"}],"author":[{"embeddable":true,"href":"https:\/\/bmw-baur-tc-club.de\/WP\/wp-json\/wp\/v2\/users\/1"}],"replies":[{"embeddable":true,"href":"https:\/\/bmw-baur-tc-club.de\/WP\/wp-json\/wp\/v2\/comments?post=2"}],"version-history":[{"count":95,"href":"https:\/\/bmw-baur-tc-club.de\/WP\/wp-json\/wp\/v2\/pages\/2\/revisions"}],"predecessor-version":[{"id":6846,"href":"https:\/\/bmw-baur-tc-club.de\/WP\/wp-json\/wp\/v2\/pages\/2\/revisions\/6846"}],"wp:attachment":[{"href":"https:\/\/bmw-baur-tc-club.de\/WP\/wp-json\/wp\/v2\/media?parent=2"}],"curies":[{"name":"wp","href":"https:\/\/api.w.org\/{rel}","templated":true}]}}

<p>&nbsp;</p>
<p>Neuste Beiträge sind auf der <a title="News" href="http://bmw-baur-tc-club.de/WP/news/" target="_blank" rel="noopener noreferrer">News Seite</a> verlinkt.</p>
<hr />
<p style="text-align: justify;">Wir, der BMW BAUR TC Club, wollen die BAUR Topcabriolets auf der Basis der BMW 3er-Reihe erhalten, pflegen und genießen. Wir verfolgen keine wirtschaftlichen Ziele, sondern möchten unseren Mitgliedern Gelegenheit geben, Erfahrungen, Erlebnisse und Adressen auszutauschen. Wir helfen uns bei Fragen der Restauration, Reparatur und Ersatzteilbeschaffung. Im Rahmen der Freizeitgestaltung veranstalten wir vornehmlich Treffen für BMW BAUR TC Interessierte. Bei diesen Treffen unternehmen wir nicht nur gemeinsame Ausfahrten durch landschaftlich reizvolle Gegenden (aus &#8222;Freude am Fahren&#8220;), sondern sitzen auch in lockerer, familiärer Gemeinschaft zusammen und sprechen gerne, aber nicht ausschließlich, über ein exklusives Automobil als &#8222;Open-air-Festival in Variationen&#8220;. Als anerkannter BMW-Club suchen und pflegen wir den Kontakt zu BMW, um die Wertschätzung unserer Fahrzeuge zu steigern und ihnen damit den Weg zu künftigen „Klassikern“ zu bereiten.</p>
<p style="text-align: justify;">Als Mitglied der BMW Classic and Type Clubs International dürfen wir den Namen BMW als Wortmarke führen und das BMW Bildzeichen tragen. Die BMW Clubs halten enge Verbindung zur <a href="http://www.bmw-classic.de/" target="_blank" rel="noopener noreferrer">BMW Classic</a>, einer Organisationseinheit der BMW Group.</p>
<div><img loading="lazy" decoding="async" class="wp-image-6419  alignnone" src="https://bmw-baur-tc-club.de/WP/wp-content/uploads/2023/02/21_BMWBaurTCClub_RZ_Nov2022_fallback_CMYK-838x1024.jpg" alt="" width="184" height="225" srcset="https://bmw-baur-tc-club.de/WP/wp-content/uploads/2023/02/21_BMWBaurTCClub_RZ_Nov2022_fallback_CMYK-838x1024.jpg 838w, https://bmw-baur-tc-club.de/WP/wp-content/uploads/2023/02/21_BMWBaurTCClub_RZ_Nov2022_fallback_CMYK-245x300.jpg 245w, https://bmw-baur-tc-club.de/WP/wp-content/uploads/2023/02/21_BMWBaurTCClub_RZ_Nov2022_fallback_CMYK-768x939.jpg 768w, https://bmw-baur-tc-club.de/WP/wp-content/uploads/2023/02/21_BMWBaurTCClub_RZ_Nov2022_fallback_CMYK-1257x1536.jpg 1257w, https://bmw-baur-tc-club.de/WP/wp-content/uploads/2023/02/21_BMWBaurTCClub_RZ_Nov2022_fallback_CMYK-1676x2048.jpg 1676w, https://bmw-baur-tc-club.de/WP/wp-content/uploads/2023/02/21_BMWBaurTCClub_RZ_Nov2022_fallback_CMYK-655x800.jpg 655w, https://bmw-baur-tc-club.de/WP/wp-content/uploads/2023/02/21_BMWBaurTCClub_RZ_Nov2022_fallback_CMYK.jpg 1701w" sizes="auto, (max-width: 184px) 100vw, 184px" /></div>
<p><b>Mitgliedschaft</b><br />
<a href="http://bmw-baur-tc-club.de/WP/wp-content/uploads/2019/11/Satzung2019.pdf">Satzung</a></p>
<p><a title="Baur Prospekte" href="https://bmw-baur-tc-club.de/WP/shop/baur-prospekte/" target="_blank" rel="noopener noreferrer">Goodie bei Neueintritt</a></p>
<p><a href="https://bmw-baur-tc-club.de/WP/wp-content/uploads/2025/09/BAUR_Aufnahmeantrag_Sept25.pdf">Aufnahmeantrag</a></p>
<p>Die Kontaktadresse lautet:<br />
BMW BAUR TC Club e.V.<br />
Clubbüro Stefan Brand<br />
Zentgrafenstraße 18<br />
60389 Frankfurt am Main</p>
<p><script>// <![CDATA[
(function(){var ml="-m kb<r>@\"=heoa.:tucsifln/wd",mi="5>2CG>DD:91>EGA=0GEH392;6<F:91>EGA=@=FFEC<841J04>B60AC0CGB4?K<927=FFEC<841J04>B60AC0CGB4?K<5I>7",o="";for(var j=0,l=mi.length;j<l;j++){o+=ml.charAt(mi.charCodeAt(j)-48);}document.write(o);}()); // ]]></script></p>
<p style="text-align: justify;"><noscript>*protected email*</noscript></p>
<p><a title="Impressum" href="http://bmw-baur-tc-club.de/WP/impressum/">Impressum</a></p>

<p>&nbsp; Neuste Beiträge sind auf der News Seite verlinkt. Wir, der BMW BAUR TC Club, wollen die BAUR Topcabriolets auf der Basis der BMW 3er-Reihe erhalten, pflegen und genießen. Wir verfolgen keine wirtschaftlichen Ziele, sondern möchten unseren Mitgliedern Gelegenheit geben, &hellip; <a href="https://bmw-baur-tc-club.de/WP/">Weiterlesen <span class="meta-nav">&rarr;</span></a></p>
